 c**2 + 5*c - 5. Suppose -261 = 2*r - 265. List the prime factors of q(r).
7, 167
What are the prime factors of 1/1*105841/53?
1997
Suppose 109*x - 110*x + 574 = 0. Let m = x + 44. What are the prime factors of m?
2, 3, 103
Let t = -1170 - -1176. Let h be (-959 + -1)*(-3)/4. List the prime factors of t/10 - h/(-50).
3, 5
Let q(f) = 3285993 - 6*f + f + f - 3286030. Let u = 25 + -40. What are the prime factors of q(u)?
23
Let p(j) = 8003*j**2 + 192*j - 193. List the prime factors of p(1).
2, 4001
Suppose -2 = -t, -3*s - 34 - 4 = -4*t. Let x = -9 - s. List the prime factors of x - 0 - (-385)/5.
2, 3, 13
Let j = -2260 + 3209. Suppose -2*f = -137 - j. What are the prime factors of f?
3, 181
Let h(n) be the first derivative of 125*n**4/4 - n**3/3 + 3*n**2/2 - n - 20. List the prime factors of h(1).
2, 3, 7
Suppose -23335 = 14*p - 58*p + 487021. List the prime factors of p.
7, 1657
Suppose -2*x + 2*g - 794 = -298, -1205 = 5*x + 2*g. Suppose 2*h = 5*b - 1737, -5*h - 1368 = -3*b - 341. Let v = x + b. List the prime factors of v.
2, 53
Let r = 12474 + 3897. List the prime factors of r.
3, 17, 107
Suppose 5839 = 2*z + 3*h, -19*z + 5857 = -17*z + h. List the prime factors of z.
7, 419
Let p(j) = j**3 + 6*j**2 + 2*j + 79. Let b be p(-11). Let a = b - -802. What are the prime factors of a?
2, 127
Suppose t + 4*a = -7, -9 = 5*t + a + 7. Let i be (-78)/(-4)*2/t. Let m(z) = -3*z - 20. What are the prime factors of m(i)?
19
Let p(h) = 2*h**3 - 5*h**2 + 15*h - 35. Let o be p(3). List the prime factors of 20 - o - (-2 - 1100).
1103
Suppose 16*c - 4 = 12*c, 152736 = 4*b - 12*c. List the prime factors of b.
3, 4243
Suppose -5*b - 3*t + 15 = 5, b - 2*t = 15. Let r(s) = 2*s**3 + 6*s**2 + 3*s - 1. What are the prime factors of r(b)?
2, 3, 23
Let q(o) = 2*o**2 - 33*o - 57. Let t = 327 - 304. What are the prime factors of q(t)?
2, 11
Let u be ((-72)/(-14))/(-12) - (-160)/14. Suppose -1089 = -u*a + 8*a. List the prime factors of a.
3, 11
Suppose 6*v = 2*v + 72. List the prime factors of (0 + 3)*(-3)/v*-8.
2
Let w(x) = 236*x**2 - 45*x + 215. What are the prime factors of w(6)?
23, 367
List the prime factors of 7015 - (1*7 - (65 + -50)).
3, 2341
Let l be 786/(-12) + 28/8 + -1. Let m = 9399 + -5451. What are the prime factors of ((-1)/2 - 1)/(l/m)?
2, 47
Let h(q) = 9*q**3 + 2*q**2 - 5*q + 4. Suppose -16*n - 4 = -18*n. What are the prime factors of h(n)?
2, 37
Let g(t) = -2*t - 15. Let h be g(-8). Let a be h*-4*2/(-4). Suppose 2*x + o = 138, -a*x - 2*o + 138 = -0*o. List the prime factors of x.
3, 23
Let d = 96611 + -61483. What are the prime factors of d?
2, 4391
Suppose 4*f - 61*x = -56*x + 23115, -17337 = -3*f + 3*x. List the prime factors of f.
2, 5, 17
Let j be -1 - (8 + -1416 + -7). Let b = j + -843. List the prime factors of b.
571
Suppose 0 = i - 3*j - 13, 4*j - 3 = i - 19. Suppose -4*p - 3*z + 4873 = -4*z, 2*z + 2438 = 2*p. Suppose i*o + 3*o = p. What are the prime factors of o?
2, 3, 29
Suppose 11*s - 24 = 9. Let r = 1013 + -509. Suppose s*g - 3*n = r, 0*g + g - 173 = 2*n. What are the prime factors of g?
163
Let w(o) = -2*o**3 + 8*o**2 + 23*o - 689. What are the prime factors of w(-28)?
3, 67
Let p be -10*((-287)/(-42) + 4/6). Let b be (-4)/12 - (2 - p/(-9)). Suppose -2*o - b = 0, -5*o = 6*s - 3*s - 75. List the prime factors of s.
2, 3, 5
Suppose -1652 = 244*t - 248*t. Suppose -181 = -o - 3*v, -4*v + t = 4*o - 311. What are the prime factors of o?
181
Let w(q) = 2*q**2. Let p be w(-1). Suppose -p*x - 3*a = -2*a - 610, -5*x + 4*a = -1551. What are the prime factors of 1 + (-6)/8 + x/4?
7, 11
Suppose 3*z + 4*q - 2 - 34 = 0, 4*z - 3*q = 73. Suppose 4*a + 1416 = z*a. Suppose a = 4*j - 486. What are the prime factors of j?
151
List the prime factors of 2*(6/9 - (-25527)/9).
2, 2837
Suppose -g = -4*r - 144 - 1692, -7249 = -4*g - 3*r. Suppose 13*o = 11*o + g. List the prime factors of o.
2, 227
Let x(m) be the second derivative of 5*m**4/24 + 7*m**3/6 - m**2/2 - 9*m. Let i(g) be the first derivative of x(g). What are the prime factors of i(4)?
3
What are the prime factors of (-21 - 150816/(-80))/(6/20)?
2, 13, 239
Let l be -2 + 5 + (-9)/((-21)/(-7)). Let f(v) be the first derivative of -v**2/2 + 45*v + 1. List the prime factors of f(l).
3, 5
Let t(o) = o**3 + 22*o**2 + 111*o - 7. Let r be t(-14). Suppose -2*v + 2700 = 4*m, 0 = 12*v - r*v + 10. What are the prime factors of m?
2, 13
Let x be (14/3)/(1/9). Suppose c - 2*o = 5, 3*c = 2*c + 3*o + 10. Let j = x + c. List the prime factors of j.
37
Let d be ((-1518)/(-55))/((-2)/(-45)). Let a = 1073 - d. What are the prime factors of a?
2, 113
Suppose 0*z + 3*z - 8264 - 10054 = 0. List the prime factors of z.
2, 43, 71
Let y(x) be the third derivative of 47*x**4/24 + 14*x**3/3 - 2*x**2 + 14*x. What are the prime factors of y(6)?
2, 5, 31
Let p(z) = 27*z - 3*z + 9*z + 20 + 7*z. What are the prime factors of p(16)?
2, 3, 5, 11
Let n(d) = -2*d + 107. Let f(i) = 3*i - 105. Let l(h) = 3*f(h) + 4*n(h). List the prime factors of l(-12).
101
Suppose -137*m + 94694 = -54499. List the prime factors of m.
3, 11
Let s(d) = -3*d**3 + 96*d**2 + 31*d + 23. List the prime factors of s(32).
5, 7, 29
Let m(l) = 19*l - 1976. Let o be m(0). List the prime factors of 3 + o/(-8) + 2.
2, 3, 7
Let x = -520 - -506. Let z(i) = i + 99. List the prime factors of z(x).
5, 17
Suppose 5*s = -3*h + 16, 2*h - 3*h - 8 = -s. Suppose -s*v + 6*v = 174. Suppose 4*x = -c + v, 11*c - 8*c = 2*x + 536. List the prime factors of c.
2, 89
What are the prime factors of -3*12/90*20 - -816?
2, 101
What are the prime factors of (12 + 20)*4/40*3045?
2, 3, 7, 29
Suppose -14 = 5*b + 5*a + 51, 53 = -5*b + a. Let f(o) = -82*o - 46. List the prime factors of f(b).
2, 107
Let p(o) = 92*o**2 + 52*o - 9. List the prime factors of p(-7).
5, 827
Let i = 13 - 11. Suppose 22 = -4*k - i*f - 4, -3*k - f - 17 = 0. What are the prime factors of -3*(k/18 - 665/45)?
3, 5
Let a = -197 + -121. Suppose -97 + 589 = -g. Let z = a - g. List the prime factors of z.
2, 3, 29
Let z(t) = -11*t**2 + 24*t + 27. Let n be z(11). List the prime factors of (1 - 0) + 3/((-24)/n).
131
Let q(z) = -5*z**3 - 4*z**2 + 14*z + 31. Let x(p) = 4*p**3 + 4*p**2 - 15*p - 33. Let u(g) = 5*q(g) + 4*x(g). What are the prime factors of u(-4)?
3, 5, 11
Suppose 196873 = 68*d - 67987. List the prime factors of d.
5, 19, 41
Let y = 20272 + -10650. List the prime factors of y.
2, 17, 283
Let g = -1354 + -153. Let h = 2554 + g. List the prime factors of h.
3, 349
Suppose -4*q + u = -4 - 0, -4*u - 16 = 0. Suppose z + 5*o - 7 = 0, 3*o + q*o = -2*z + 42. Let p = z - -56. List the prime factors of p.
83
Let z be 282/6 + (-2 - -3 - -5). Let v = z - -1342. What are the prime factors of v?
3, 5, 31
Let q(b) = b - 22. Let v be q(28). What are the prime factors of -2*(-1)/v*(-15 - -1116)?
367
Let p = 38305 - 11134. List the prime factors of p.
3, 3019
Suppose -558*j + 556*j + 493 = -141. What are the prime factors of j?
317
Let v = 45 + -40. Suppose v*o + 3 = 13. Suppose -o*r + r = -67. What are the prime factors of r?
67
List the prime factors of 12687 + 2 + 13 + 3.
3, 5, 7, 11
Let o(v) = 42*v - 42*v + v**2 + 17 - 49. Let s be o(-6). Suppose -56 = -s*w + 104. What are the prime factors of w?
2, 5
Let a be (-30244)/(-42) - (-20)/(-210). Suppose -46*f = -41*f - a. List the prime factors of f.
2, 3
Let n(y) = -151*y + 1692. List the prime factors of n(-46).
2, 7, 617
List the prime factors of (-8)/36*-6 - 3/18*-251866.
3, 7, 1999
Let m be ((-1020)/(-21))/((-6)/(-21)). Suppose 173*a - m*a - 741 = 0. List the prime factors of a.
13, 19
Suppose 4*g = -0*g - 2*x - 58, 27 = -3*g + 4*x. Let d(t) = -41*t - 43. What are the prime factors of d(g)?
2, 5, 7
Let f(w) = -8*w**3 + 4*w**2 - 16*w + 4. Let i be f(-7). Suppose 4*v - x = 2164, -5*v - 358 + i = -3*x. List the prime factors of v.
2, 271
Let b(g) be the second derivative of g**5/15 - 7*g**4/24 - 2*g**3/3 + 8*g**2 - 5*g. Let s(f) be the first derivative of b(f). List the prime factors of s(-3).
53
Let h(f) = 681*f**3 - 20*f**2 + 95*f - 12. What are the prime factors of h(4)?
2, 3, 101
What are the prime factors of (5694/365)/((-6)/(-6820))?
2, 11, 13, 31
Suppose -11*j + 42381 = -23531. List the prime factors of j.
2, 7, 107
Suppose -26194 = -4*g + 15*m - 20*m, 4*g - 26236 = 2*m. What are the